{"id":8,"date":"2013-05-31T08:44:43","date_gmt":"2013-05-31T08:44:43","guid":{"rendered":"http:\/\/impreza.us-themes.net\/"},"modified":"2022-08-25T12:10:26","modified_gmt":"2022-08-25T10:10:26","slug":"sample-page-2","status":"publish","type":"page","link":"https:\/\/rossi-avocat.fr\/","title":{"rendered":"Accueil"},"content":{"rendered":"<section class=\"l-section wpb_row height_full valign_center color_primary\"><div class=\"l-section-h i-cf\"><div class=\"g-cols offset_small\"><div class=\"vc_col-sm-12 wpb_column vc_column_container\"><div class=\"vc_column-inner\"><div class=\"wpb_text_column \"><div class=\"wpb_wrapper\">\n<h4 style=\"text-align: center;\">Avocat au barreau de Nice<\/h4>\n<\/div> <\/div> [vc_custom_heading text=\u00a0\u00bbCASSANDRA ROSSI\u00a0\u00bb font_container=\u00a0\u00bbtag:h2|font_size:80px|text_align:center|color:%23ffffff|line_height:1px\u00a0\u00bb use_theme_fonts=\u00a0\u00bbyes\u00a0\u00bb]<div class=\"w-separator type_invisible size_large thick_1 style_solid color_border cont_none\"><span class=\"w-separator-h\"><\/span><\/div><div class=\"w-btn-wrapper align_center\"><a class=\"w-btn style_solid color_primary icon_none\" href=\"https:\/\/rossi-avocat.fr\/?page_id=2565\"><span class=\"w-btn-label\">EN SAVOIR PLUS...<\/span><\/a><\/div><\/div><\/div><\/div><\/div><\/section><!-- Row Backgrounds --><div class=\"upb_bg_img\" data-ultimate-bg=\"url(https:\/\/rossi-avocat.fr\/wp-content\/uploads\/2020\/02\/download.jpg)\" data-image-id=\"id^5067|url^https:\/\/rossi-avocat.fr\/wp-content\/uploads\/2020\/02\/download.jpg|caption^null|alt^null|title^download|description^null\" data-ultimate-bg-style=\"vcpb-default\" data-bg-img-repeat=\"no-repeat\" data-bg-img-size=\"cover\" data-bg-img-position=\"\" data-parallx_sense=\"30\" data-bg-override=\"0\" data-bg_img_attach=\"scroll\" data-upb-overlay-color=\"\" data-upb-bg-animation=\"\" data-fadeout=\"\" data-bg-animation=\"left-animation\" data-bg-animation-type=\"h\" data-animation-repeat=\"repeat\" data-fadeout-percentage=\"30\" data-parallax-content=\"\" data-parallax-content-sense=\"30\" data-row-effect-mobile-disable=\"true\" data-img-parallax-mobile-disable=\"true\" data-rtl=\"false\"  data-custom-vc-row=\"\"  data-vc=\"6.0.5\"  data-is_old_vc=\"\"  data-theme-support=\"\"   data-overlay=\"false\" data-overlay-color=\"\" data-overlay-pattern=\"\" data-overlay-pattern-opacity=\"\" data-overlay-pattern-size=\"\"    ><\/div><section class=\"l-section wpb_row height_medium\"><div class=\"l-section-h i-cf\"><div class=\"g-cols offset_small\"><div class=\"vc_col-sm-4 wpb_column vc_column_container\"><div class=\"vc_column-inner\"><div class=\"w-iconbox iconpos_left size_small style_default color_primary\"><a class=\"w-iconbox-link\" href=\"http:\/\/rossi-avocat.fr\/?page_id=5087\"><div class=\"w-iconbox-icon\"><i class=\"mdfi_social_people\"><\/i><\/div><h4 class=\"w-iconbox-title\">R\u00e9clamations et contentieux fiscal<\/h4><\/a><div class=\"w-iconbox-text\">Le contentieux fiscal, le contentieux du recouvrement est un domaine complexe et technique. Dans ces conditions, le recours \u00e0 un avocat permet la protection et la d\u00e9fense des int\u00e9r\u00eats de chacun.<\/div><\/div><\/div><\/div><div class=\"vc_col-sm-4 wpb_column vc_column_container\"><div class=\"vc_column-inner\"><div class=\"w-iconbox iconpos_left size_small style_default color_primary\"><a class=\"w-iconbox-link\" href=\"http:\/\/rossi-avocat.fr\/?page_id=5096\"><div class=\"w-iconbox-icon\"><i class=\"mdfi_action_wallet_travel\"><\/i><\/div><h4 class=\"w-iconbox-title\">Conseil fiscal<\/h4><\/a><div class=\"w-iconbox-text\">Ma\u00eetre Cassandra ROSSI est \u00e0 m\u00eame de r\u00e9aliser une \u00e9tude pour une consultation visant \u00e0 s\u00e9curiser votre op\u00e9ration et d\u00e9terminer l\u2019optimisation fiscale la plus appropri\u00e9e dans le respect de la l\u00e9gislation en vigueur.<\/div><\/div><\/div><\/div><div class=\"vc_col-sm-4 wpb_column vc_column_container\"><div class=\"vc_column-inner\"><div class=\"w-iconbox iconpos_left size_small style_default color_primary\"><a class=\"w-iconbox-link\" href=\"http:\/\/rossi-avocat.fr\/?page_id=5100\"><div class=\"w-iconbox-icon\"><i class=\"mdfi_action_https\"><\/i><\/div><h4 class=\"w-iconbox-title\">Droit fiscal international<\/h4><\/a><div class=\"w-iconbox-text\">Dans un contexte grandissant d\u2019internationalisation, les questions de fiscalit\u00e9 internationale deviennent de plus en plus fr\u00e9quentes et incontournables pour les entreprises et les personnes physiques.<\/div><\/div><\/div><\/div><\/div><\/div><\/section><section class=\"l-section wpb_row height_auto color_primary with_img parallax_ver\" id=\"second\"><div class=\"l-section-img\" style=\"background-image: url(https:\/\/rossi-avocat.fr\/wp-content\/uploads\/2020\/02\/bot.jpg);\" data-img-width=\"1800\" data-img-height=\"1000\"><\/div><div class=\"l-section-h i-cf\"><div class=\"g-cols offset_small\"><div class=\"vc_col-sm-2 wpb_column vc_column_container animate_hfc d1\"><div class=\"vc_column-inner\">[vc_empty_space]<\/div><\/div><div class=\"vc_col-sm-8 wpb_column vc_column_container\"><div class=\"vc_column-inner\"><div class=\"w-separator type_invisible size_huge thick_1 style_solid color_border cont_none\"><span class=\"w-separator-h\"><\/span><\/div><div class=\"wpb_text_column \"><div class=\"wpb_wrapper\">\n<p style=\"text-align: center;\"><strong>Ma\u00eetre Cassandra ROSSI est Avocat au Barreau de Nice et exerce son activit\u00e9 en droit fiscal au sein de son Cabinet situ\u00e9 au 10 rue Tonduti de L&rsquo;Escar\u00e8ne &#8211; 06000 NICE<\/strong><\/p>\n<p style=\"text-align: center;\">Exer\u00e7ant en droit fiscal, Ma\u00eetre Cassandra ROSSI, se caract\u00e9rise par une rigueur et une combativit\u00e9 qu\u2019elle a \u00e0 c\u0153ur de mettre au service et au b\u00e9n\u00e9fice de ses clients. La mati\u00e8re fiscale est en effet complexe et technique. Le contribuable peut se sentir, \u00e0 juste titre, mal arm\u00e9 face \u00e0 la complexit\u00e9 de cette mati\u00e8re en perp\u00e9tuelle \u00e9volution. Pour se d\u00e9fendre efficacement face \u00e0 l\u2019administration fiscale, analyser les opportunit\u00e9s l\u00e9gales d\u2019optimisation fiscale ou s\u00e9curiser une op\u00e9ration \u00e0 incidences fiscales, Ma\u00eetre Cassandra ROSSI vous propose un accompagnement complet et rigoureux au service de vos int\u00e9r\u00eats.<\/p>\n<\/div> <\/div> <div class=\"w-separator type_invisible size_medium thick_1 style_solid color_border cont_none\"><span class=\"w-separator-h\"><\/span><\/div><div class=\"w-btn-wrapper align_center\"><a class=\"w-btn style_solid color_primary icon_atleft\" href=\"http:\/\/rossi-avocat.fr\/?page_id=2565\"><i class=\"mdfi_communication_email\"><\/i><span class=\"w-btn-label\">EN SAVOIR PLUS...<\/span><\/a><\/div><div class=\"w-separator type_invisible size_huge thick_1 style_solid color_border cont_none\"><span class=\"w-separator-h\"><\/span><\/div><\/div><\/div><div class=\"vc_col-sm-2 wpb_column vc_column_container\"><div class=\"vc_column-inner\">[vc_empty_space]<\/div><\/div><\/div><\/div><\/section><section class=\"l-section wpb_row height_medium color_primary\"><div class=\"l-section-h i-cf\"><div class=\"g-cols offset_small\"><div class=\"vc_col-sm-12 wpb_column vc_column_container\"><div class=\"vc_column-inner\"><div class=\"w-actionbox color_primary controls_right\"><div class=\"w-actionbox-text\"><h3>Votre situation est urgente ?\u2002Contactez-moi sans tarder.<\/h3><\/div><div class=\"w-actionbox-controls\"><a class=\"w-btn color_white style_outlined icon_atleft\" href=\"http:\/\/rossi-avocat.fr\/?page_id=1437\" style=\"font-size: 18px;\"><i class=\"mdfi_communication_email\"><\/i><span class=\"w-btn-label\">CONTACT<\/span><\/a><\/div><\/div><\/div><\/div><\/div><\/div><\/section>\n","protected":false},"excerpt":{"rendered":"Avocat au barreau de Nice [vc_custom_heading text=\"CASSANDRA ROSSI\" font_container=\"tag:h2|font_size:80px|text_align:center|color:%23ffffff|line_height:1px\" use_theme_fonts=\"yes\"]EN SAVOIR PLUS...R\u00e9clamations et contentieux fiscalLe contentieux fiscal, le contentieux du recouvrement est un domaine complexe et technique. Dans ces conditions,...","protected":false},"author":1,"featured_media":0,"parent":0,"menu_order":0,"comment_status":"closed","ping_status":"closed","template":"","meta":[],"aioseo_notices":[],"_links":{"self":[{"href":"https:\/\/rossi-avocat.fr\/index.php?rest_route=\/wp\/v2\/pages\/8"}],"collection":[{"href":"https:\/\/rossi-avocat.fr\/index.php?rest_route=\/wp\/v2\/pages"}],"about":[{"href":"https:\/\/rossi-avocat.fr\/index.php?rest_route=\/wp\/v2\/types\/page"}],"author":[{"embeddable":true,"href":"https:\/\/rossi-avocat.fr\/index.php?rest_route=\/wp\/v2\/users\/1"}],"replies":[{"embeddable":true,"href":"https:\/\/rossi-avocat.fr\/index.php?rest_route=%2Fwp%2Fv2%2Fcomments&post=8"}],"version-history":[{"count":10,"href":"https:\/\/rossi-avocat.fr\/index.php?rest_route=\/wp\/v2\/pages\/8\/revisions"}],"predecessor-version":[{"id":5202,"href":"https:\/\/rossi-avocat.fr\/index.php?rest_route=\/wp\/v2\/pages\/8\/revisions\/5202"}],"wp:attachment":[{"href":"https:\/\/rossi-avocat.fr\/index.php?rest_route=%2Fwp%2Fv2%2Fmedia&parent=8"}],"curies":[{"name":"wp","href":"https:\/\/api.w.org\/{rel}","templated":true}]}}